What is the hundreds digit of n?
3
Suppose -p - 2 = 19. Suppose 2*k - 7*k = 65. Let y = k - p. What is the units digit of y?
8
Suppose 7*u = 2*u, 4*y = 3*u + 48. Suppose -5*d - y = -5*f + 8, 3*d - 28 = -5*f. What is the units digit of f/((-10)/(-12)) + 0?
6
Suppose -n - 3*n - 15 = 5*g, -3*g - 4*n = 9. Let z = g - -13. What is the units digit of z?
0
Suppose -65 = -4*x + 5*h - 5, -4*h - 15 = -x. What is the tens digit of x?
1
Suppose -2 = -2*i + 6. Suppose -5*t + i*t + 14 = 0. What is the tens digit of t?
1
Let r(t) = 3*t**2 + t. Let b be r(-1). Suppose 0 = -b*u - x + 14, -3*x + 17 = 3*u - 7. What is the units digit of u?
6
Let m(j) = -4*j - 2. Suppose -3*n + n - 8 = 0. Let u be m(n). Suppose -q = d - 2*d + 4, -2*d + u = 4*q. What is the units digit of d?
5
Let l(g) = g**2 + g + 4. What is the tens digit of l(4)?
2
Suppose -2*v + 2 + 2 = 0. What is the units digit of v?
2
Suppose f + 0 = 66. What is the tens digit of f?
6
What is the units digit of (2/(-5))/(2/(-470))?
4
Let x be 12/18*1*3. Suppose 4*w - 12 = -0*o - 2*o, -4*w = -x*o + 52. What is the tens digit of o?
1
What is the units digit of 0/((-1)/1) - -9?
9
Let i = 210 + -125. What is the units digit of i?
5
Let m(d) = -48*d + 33. What is the units digit of m(-4)?
5
Let u(s) = s**2 - 11*s + 35. What is the units digit of u(15)?
5
Let k = 84 + -56. What is the tens digit of k?
2
Let j = 209 - 149. What is the tens digit of j?
6
Suppose 4*i + 120 = -4*d, -60 = 3*d - d - 3*i. What is the units digit of (-3 - d/9)*18?
6
Let j = -57 + 81. Suppose 0 = -b + 4*b - j. What is the units digit of b?
8
Suppose 11*k - 7*k - 708 = 0. Suppose -3*h + 6*h - k = 0. What is the units digit of h?
9
Suppose -174 = -3*x - 2*y, 0 = -4*x - 0*y - 3*y + 231. Suppose n - 6*n = -x. What is the tens digit of n?
1
Let q be (-5)/((-5)/4)*1. Suppose 3*b + 2*b = 3*m - 15, q*m = 20. What is the units digit of 2 + b + 0 - 0?
2
Suppose c + 6 = o + 3, -4*c + 3*o = 9. Suppose 5*m - 4*m - 2 = c. Suppose z = -t + 2, m*z - 4*t - 24 = -2*t. What is the units digit of z?
7
Let y(d) = -5*d - 1. Let s = 2 - 6. What is the units digit of y(s)?
9
Suppose 110 = -b - 24. What is the tens digit of 8/(-20) + b/(-10)?
1
Let l(v) = v + 1. Let t be 12*(0 + (-3)/(-6)). What is the units digit of l(t)?
7
Suppose 5*w - 11 + 1 = 0. Let j = w + 4. What is the units digit of j?
6
Suppose -2*n - 4 = 0, -4*z - 4*n + 87 + 17 = 0. Suppose 0*i + 4*p + 32 = 2*i, -p + z = 4*i. What is the tens digit of (-15)/4*i/(-3)?
1
Let r = -4 + 126. What is the tens digit of r?
2
Suppose -6 = 3*h, -4*d - 4*h + 30 = -5*h. Let l = d - 3. Suppose -6 = -l*j - 2. What is the units digit of j?
1
Let b(d) = 4*d**3 - 4*d**2 + 3*d - 2. What is the units digit of b(2)?
0
Suppose 5*o = -4*f + 36 + 5, 0 = -f + 3*o - 11. Suppose 15 = -s + f*s. What is the units digit of s?
5
Let v = -6 + 11. Suppose 5*q - 2*t - 44 = 0, -3*t = v*q - 26 - 8. What is the tens digit of 13 + -1 + q/(-4)?
1
Let h be (360/21)/(4/28). Suppose 3*g + 2*g - h = 0. What is the tens digit of g?
2
Let k = 32 + -14. What is the tens digit of k?
1
Let d be (-1)/(-4) + (-30)/(-8). Suppose -d*f = -3*t + 45, -2*f + 8 = -4*t + 38. What is the units digit of (f + 3 + -2)/(-1)?
8
What is the tens digit of 42/(-28) - (-71)/2?
3
Suppose 5*f - 219 = 156. What is the units digit of f?
5
Let h be 5*((-11)/5 + 3). Suppose -13 = -h*n + j + 88, 5*n - 2*j = 124. What is the units digit of n?
6
Let w = -2 + 3. What is the units digit of (-3 + w)/(4/(-18))?
9
What is the units digit of 1/3 + (-1156)/(-51)?
3
What is the units digit of 25 - (-3)/1 - -1?
9
Let v(u) = -u - 1. Let b be v(-2). Let n be (4 - 4)/(b*2). Let d = n - -3. What is the units digit of d?
3
Let t(z) = 4*z - 22. What is the tens digit of t(9)?
1
Let a(x) = -x**2 - 4*x + 5. Let c be a(-4). What is the units digit of 156/c + (-10)/50?
1
Let m be (-14 - 1)/3*-1. Suppose -h = -m - 0. Let d(y) = -y**3 + 7*y**2 - 6*y - 6. What is the units digit of d(h)?
4
Let q(u) = -5*u**3 + u**2 - 2*u + 8. Let k(p) = -p**2 + p**2 + p**2 + p**3 - 1 - 2*p**2. Let n(w) = -6*k(w) - q(w). What is the units digit of n(5)?
8
Let t(g) be the second derivative of g**7/840 + 13*g**4/24 - g**3/6 + g. Let j(w) be the second derivative of t(w). What is the units digit of j(0)?
3
Let s(p) = -p - 3. Let o(i) = -i**3 - i**2 - i - 8. Let r be o(0). Let j = 1 + r. What is the units digit of s(j)?
4
Suppose 0 = -5*t + a + 1964, 2*a = -5*t + 411 + 1556. What is the hundreds digit of t?
3
Let o(j) = -j**2 + 4*j + 3. Let z be o(4). Suppose -4*d = -38 - 58. Suppose -3*t = z*s - d, s = 3*t - 4*s. What is the units digit of t?
5
Let l(r) be the second derivative of -r**3 - 6*r**2 + 6*r. What is the units digit of l(-6)?
4
Let u(q) = -q**2 - 5*q + 4. Suppose -t - 15 = 2*t. What is the units digit of u(t)?
4
Let z = 23 + -22. What is the units digit of z?
1
Let c = -40 + 70. Let a be ((-15)/5)/((-2)/c). Suppose -a = -3*s - 2*s. What is the units digit of s?
9
Let b = -1 - -7. What is the units digit of b?
6
What is the tens digit of ((-2794)/(-18) - (-4)/(-18)) + 3?
5
Let u(f) = f**2 - 2*f + 2. Let w be u(2). Let k(l) = 1 + 2 - 10*l + w + l - l**2. What is the units digit of k(-7)?
9
What is the tens digit of (-1 + (-96)/(-9))*3?
2
Let v(h) = -h - 4. Suppose 3*p = 3*l - 36, 5*l + p - 72 = -0*p. Suppose -t - t = l. What is the units digit of v(t)?
3
Suppose 5*s = 11 - 1. What is the units digit of s?
2
Let p(k) = -k**2 - 8*k + 4. Let w be p(-10). Let d = w + 22. Suppose 33 = -3*t + d*t. What is the units digit of t?
1
Let o(z) = -3*z - 4. What is the tens digit of o(-10)?
2
Let m = -29 - -20. What is the units digit of 520/15 - 3/m?
5
Suppose -2*x - 1 = -7. Suppose 0 = 2*i + 8, -x*q = -0*q - 4*i - 31. What is the units digit of (-24)/(-40) + 7/q?
2
What is the units digit of (-34 + -4)*((-9)/6 - 0)?
7
Let p = 9 - 9. Suppose p = 5*f + 2*h - 40, 0*f = -4*f - 3*h + 32. What is the units digit of f?
8
Let i = 0 + -1. What is the units digit of i/((4/2)/(-14))?
7
Let d(u) = 0 + 0 + 0 + 4*u - 7. What is the tens digit of d(5)?
1
What is the units digit of 3/(-9)*(-495)/3?
5
Let t = 11 + -7. Suppose -t*q = q - 15. Suppose -q*o - 2*o = -55. What is the tens digit of o?
1
Let f = 33 + 45. What is the units digit of f?
8
What is the tens digit of 2614/34 + (-2)/(-17)?
7
Let k(i) = i**2 - 4*i + 5. Let f be k(5). Suppose -2*r + 5*s = -26, 5*r - 27 - 5 = -4*s. Suppose -3*x + r = -f. What is the units digit of x?
6
Suppose 3*k - j = 4*j, -4*k = 3*j. Suppose 0 = -h + 6 - k. Let l(s) = 2*s - 6. What is the units digit of l(h)?
6
Let t(u) be the third derivative of -u**4/24 - u**3/6 - u**2. What is the units digit of t(-3)?
2
Suppose 0 = 2*m - 2*w - 14, 6*m + 3 = 3*m - 3*w. What is the units digit of m + (0 - (3 + -2))?
2
Let i be 2/(-13) - 82/(-26). Suppose i*c = h - 13, -2*c - 2 + 33 = 5*h. Suppose 3*q = -g + 19, h*g - 4*g - 15 = -3*q. What is the units digit of q?
7
Let t be (1 + 2)*(-2)/(-2). Suppose 0 = -3*l - 3*z + 81, 0 = l + t*z + 2*z - 15. What is the units digit of l?
0
Suppose 0*d = 4*d. Suppose 7*x - 4*x - 9 = d. What is the units digit of x?
3
Let c be (3 - 4)*3 + 3. Suppose -i + 2 = -0*i. Suppose -i*j + 8 = -c. What is the units digit of j?
4
Let z = 23 - 13. What is the units digit of 5/(z/(-6)) + 4?
1
Suppose 3*h = -3*b + 36, -2*b - 16 = 2*b. What is the units digit of h?
6
Suppose 2*q - 6 = 2*h + 60, -5*q - 3*h = -133. What is the tens digit of q?
2
Suppose -2*t = -4*g - 2286, 0 = 2*t - 3*g - 2282 + 1. Suppose -n - 2*l = 206, 5*n - 73 = -4*l - t. What is the units digit of (-2)/(-7) + n/(-28)?
8
Suppose -2*b = -4*p - 90, 0*p - 2*b = 3*p + 85. Let v = p - -39. What is the units digit of v?
4
Suppose 4*b - 19*b + 3900 = 0. What is the hundreds digit of b?
2
Let c = 6 - 5. Let j = c + 8. What is the units digit of j?
9
Let u be (-4)/(-10) + 18/5. Suppose 0 = -4*v - d + 52, 3*v - 40 = -u*d + 3*d. Suppose -4*g - 8 = 2*h, -g = 2*g + v. What is the units digit of h?
4
Suppose 4*b + 56 = -2*u + 4*u, 4*u - 4*b - 112 = 0. What is the units digit of u?
8
Let r(z) = z**2 - 10*z - 9. Let y be r(11). Suppose -34 = -0*h - y*h. What is the units digit of h?
7
Let k(p) = p**2. Let f(n) = 4*n**2 - n - 11. Let x(d) = -f(d) + 5*k(d). What is the tens digit of x(0)?
1
Let u be 9 + -11 + (18 - 0). Suppose -4*p + 7 + 1 = 0,